{"id":173106,"date":"2026-04-06T22:06:34","date_gmt":"2026-04-06T22:06:34","guid":{"rendered":"https:\/\/eonix.pt\/?page_id=173106"},"modified":"2026-04-13T20:55:11","modified_gmt":"2026-04-13T20:55:11","slug":"ft-07-dirt-bike","status":"publish","type":"page","link":"https:\/\/eonix.pt\/index.php\/bicicletas-e-scooters\/ft-07-dirt-bike\/","title":{"rendered":"FT 07 Dirt Bike"},"content":{"rendered":"<div class=\"wpb-content-wrapper\"><p>[vc_row][vc_column][vc_column_text uncode_shortcode_id=&#8221;235097&#8243;]<\/p>\n<div class=\"relative basis-auto flex-col -mb-(--composer-overlap-px) pb-(--composer-overlap-px) [--composer-overlap-px:28px] grow flex\">\n<div class=\"flex flex-col text-sm pb-25\">\n<section class=\"text-token-text-primary w-full focus:outline-none [--shadow-height:45px] has-data-writing-block:pointer-events-none has-data-writing-block:-mt-(--shadow-height) has-data-writing-block:pt-(--shadow-height) [&amp;:has([data-writing-block])&gt;*]:pointer-events-auto scroll-mt-[calc(var(--header-height)+min(200px,max(70px,20svh)))]\" dir=\"auto\" data-turn-id=\"request-69d401e1-5950-8329-80ef-da41b596dc32-11\" data-testid=\"conversation-turn-94\" data-scroll-anchor=\"true\" data-turn=\"assistant\">\n<div class=\"text-base my-auto mx-auto pb-10 [--thread-content-margin:var(--thread-content-margin-xs,calc(var(--spacing)*4))] @w-sm\/main:[--thread-content-margin:var(--thread-content-margin-sm,calc(var(--spacing)*6))] @w-lg\/main:[--thread-content-margin:var(--thread-content-margin-lg,calc(var(--spacing)*16))] px-(--thread-content-margin)\">\n<div class=\"[--thread-content-max-width:40rem] @w-lg\/main:[--thread-content-max-width:48rem] mx-auto max-w-(--thread-content-max-width) flex-1 group\/turn-messages focus-visible:outline-hidden relative flex w-full min-w-0 flex-col agent-turn\">\n<div class=\"flex max-w-full flex-col gap-4 grow\">\n<div class=\"min-h-8 text-message relative flex w-full flex-col items-end gap-2 text-start break-words whitespace-normal outline-none keyboard-focused:focus-ring [.text-message+&amp;]:mt-1\" dir=\"auto\" tabindex=\"0\" data-message-author-role=\"assistant\" data-message-id=\"871a196b-5865-4b22-8e2a-d06e0aa4ca86\" data-message-model-slug=\"gpt-5-3\" data-turn-start-message=\"true\">\n<div class=\"flex w-full flex-col gap-1 empty:hidden\">\n<div class=\"markdown prose dark:prose-invert w-full wrap-break-word light markdown-new-styling\">\n<p data-start=\"1979\" data-end=\"2110\" data-is-last-node=\"\" data-is-only-node=\"\">Chassi em Alum\u00ednio Leve para M\u00e1xima Agilidade<\/p>\n<\/div>\n<\/div>\n<\/div>\n<\/div>\n<div class=\"mt-3 w-full empty:hidden\">\n<div class=\"text-center\">\n<div class=\"flex flex-col text-sm pb-25\">\n<section class=\"text-token-text-primary w-full focus:outline-none [--shadow-height:45px] has-data-writing-block:pointer-events-none has-data-writing-block:-mt-(--shadow-height) has-data-writing-block:pt-(--shadow-height) [&amp;:has([data-writing-block])&gt;*]:pointer-events-auto scroll-mt-[calc(var(--header-height)+min(200px,max(70px,20svh)))]\" dir=\"auto\" data-turn-id=\"request-69d401e1-5950-8329-80ef-da41b596dc32-12\" data-testid=\"conversation-turn-96\" data-scroll-anchor=\"true\" data-turn=\"assistant\">\n<div class=\"text-base my-auto mx-auto pb-10 [--thread-content-margin:var(--thread-content-margin-xs,calc(var(--spacing)*4))] @w-sm\/main:[--thread-content-margin:var(--thread-content-margin-sm,calc(var(--spacing)*6))] @w-lg\/main:[--thread-content-margin:var(--thread-content-margin-lg,calc(var(--spacing)*16))] px-(--thread-content-margin)\">\n<div class=\"[--thread-content-max-width:40rem] @w-lg\/main:[--thread-content-max-width:48rem] mx-auto max-w-(--thread-content-max-width) flex-1 group\/turn-messages focus-visible:outline-hidden relative flex w-full min-w-0 flex-col agent-turn\">\n<div class=\"flex max-w-full flex-col gap-4 grow\">\n<div class=\"min-h-8 text-message relative flex w-full flex-col items-end gap-2 text-start break-words whitespace-normal outline-none keyboard-focused:focus-ring [.text-message+&amp;]:mt-1\" dir=\"auto\" tabindex=\"0\" data-message-author-role=\"assistant\" data-message-id=\"7c9e7e11-65eb-425d-83cf-8bd9174ea077\" data-message-model-slug=\"gpt-5-3\" data-turn-start-message=\"true\">\n<div class=\"flex w-full flex-col gap-1 empty:hidden\">\n<div class=\"markdown prose dark:prose-invert w-full wrap-break-word light markdown-new-styling\">\n<p data-start=\"0\" data-end=\"410\">A FT07 conta com um quadro de liga de alum\u00ednio de dupla estrutura, desenvolvido para oferecer m\u00e1xima resist\u00eancia com o m\u00ednimo de peso. Esta constru\u00e7\u00e3o leve reduz significativamente a in\u00e9rcia na condu\u00e7\u00e3o, permitindo que tanto iniciantes como utilizadores mais experientes controlem a mota com precis\u00e3o em curvas apertadas e terrenos t\u00e9cnicos, com total confian\u00e7a.<\/p>\n<p data-start=\"412\" data-end=\"734\">Performance de Alto Torque e Carregamento R\u00e1pido<br data-start=\"460\" data-end=\"463\" \/>Equipada com um potente motor de 60V 2750W e uma bateria de longa dura\u00e7\u00e3o de 25Ah, a FT07 proporciona acelera\u00e7\u00e3o imediata e uma velocidade m\u00e1xima at\u00e9 75 km\/h. O carregador r\u00e1pido de 5A inclu\u00eddo permite reduzir o tempo de carregamento, garantindo mais tempo de utiliza\u00e7\u00e3o.<\/p>\n<p data-start=\"736\" data-end=\"1055\">Travagem Precisa e Suspens\u00e3o Ajust\u00e1vel<br data-start=\"774\" data-end=\"777\" \/>A seguran\u00e7a alia-se ao conforto com trav\u00f5es de disco hidr\u00e1ulicos de duplo pist\u00e3o, garantindo uma travagem eficaz em qualquer condi\u00e7\u00e3o. A FT07 est\u00e1 equipada com suspens\u00e3o totalmente ajust\u00e1vel, permitindo adaptar o comportamento da mota ao peso do utilizador e ao tipo de terreno.<\/p>\n<p data-start=\"1057\" data-end=\"1392\">Dom\u00ednio Off-Road com Rodas de 17 Polegadas<br data-start=\"1099\" data-end=\"1102\" \/>Equipada com pneus off-road 70\/100-17 de n\u00edvel profissional, oferece excelente altura ao solo e elevada ader\u00eancia em diferentes superf\u00edcies como lama, areia e pedra. Disp\u00f5e de tr\u00eas modos de velocidade ajust\u00e1veis, entre 25 km\/h e 75 km\/h, permitindo adaptar a condu\u00e7\u00e3o a diferentes cen\u00e1rios.<\/p>\n<p data-start=\"1394\" data-end=\"1680\" data-is-last-node=\"\" data-is-only-node=\"\">Tecnologia Inteligente e Utiliza\u00e7\u00e3o Simplificada<br data-start=\"1442\" data-end=\"1445\" \/>A FT07 integra um sistema de arranque One-Touch, eliminando a necessidade de chave tradicional. O cockpit intuitivo permite alternar entre modos de pot\u00eancia de forma r\u00e1pida, proporcionando uma experi\u00eancia de condu\u00e7\u00e3o moderna e pr\u00e1tica.<\/p>\n<\/div>\n<\/div>\n<\/div>\n<\/div>\n<div class=\"z-0 flex min-h-[46px] justify-start\"><\/div>\n<div class=\"mt-3 w-full empty:hidden\">\n<div class=\"text-center\"><\/div>\n<\/div>\n<\/div>\n<\/div>\n<\/section>\n<\/div>\n<div class=\"pointer-events-none h-px w-px absolute bottom-0\" aria-hidden=\"true\" data-edge=\"true\"><\/div>\n<\/div>\n<\/div>\n<\/div>\n<\/div>\n<\/section>\n<\/div>\n<div class=\"pointer-events-none h-px w-px absolute bottom-0\" aria-hidden=\"true\" data-edge=\"true\"><\/div>\n<\/div>\n<div id=\"thread-bottom-container\" class=\"sticky bottom-0 z-10 group\/thread-bottom-container relative isolate w-full basis-auto has-data-has-thread-error:pt-2 has-data-has-thread-error:[box-shadow:var(--sharp-edge-bottom-shadow)] md:border-transparent md:pt-0 dark:border-white\/20 md:dark:border-transparent print:hidden content-fade single-line flex flex-col\">\n<div class=\"relative mx-auto h-0\">\n<div><\/div>\n<\/div>\n<div id=\"thread-bottom\">\n<div>\n<div class=\"text-base mx-auto [--thread-content-margin:var(--thread-content-margin-xs,calc(var(--spacing)*4))] @w-sm\/main:[--thread-content-margin:var(--thread-content-margin-sm,calc(var(--spacing)*6))] @w-lg\/main:[--thread-content-margin:var(--thread-content-margin-lg,calc(var(--spacing)*16))] px-(--thread-content-margin)\">\n<div class=\"[--thread-content-max-width:40rem] @w-lg\/main:[--thread-content-max-width:48rem] mx-auto max-w-(--thread-content-max-width) flex-1 mb-[var(--thread-component-gap,1rem)]\">\n<div class=\"flex justify-center empty:hidden\"><\/div>\n<div class=\"pointer-events-auto relative z-1 flex h-(--composer-container-height,100%) max-w-full flex-(--composer-container-flex,1) flex-col\">\n<div class=\"absolute start-0 end-0 bottom-full z-20\"><\/div>\n<form class=\"group\/composer w-full\" data-type=\"unified-composer\">\n<div class=\"hidden\"><input id=\"upload-files\" tabindex=\"-1\" multiple=\"multiple\" type=\"file\" \/><\/div>\n<div class=\"\">\n<div class=\"bg-token-bg-primary corner-superellipse\/1.1 cursor-text overflow-clip bg-clip-padding p-2.5 contain-inline-size motion-safe:transition-colors motion-safe:duration-200 motion-safe:ease-in-out dark:bg-[#303030] grid grid-cols-[auto_1fr_auto] [grid-template-areas:'header_header_header'_'leading_primary_trailing'_'._footer_.'] group-data-expanded\/composer:[grid-template-areas:'header_header_header'_'primary_primary_primary'_'leading_footer_trailing'] shadow-short-composer\" data-composer-surface=\"true\">\n<div class=\"[grid-area:leading]\"><\/div>\n<div class=\"-my-2.5 flex min-h-14 items-center overflow-x-hidden px-1.5 [grid-area:primary] group-data-expanded\/composer:mb-0 group-data-expanded\/composer:px-2.5\">\n<div class=\"wcDTda_prosemirror-parent text-token-text-primary max-h-[max(30svh,5rem)] max-h-52 min-h-[var(--deep-research-composer-extra-height,unset)] flex-1 overflow-auto [scrollbar-width:thin] default-browser vertical-scroll-fade-mask\"><textarea class=\"wcDTda_fallbackTextarea\" name=\"prompt-textarea\" placeholder=\"Pergunte qualquer coisa\" aria-label=\"Conversar com o ChatGPT\" data-virtualkeyboard=\"true\"><\/textarea><\/div>\n<\/div>\n<\/div>\n<\/div>\n<\/form>\n<\/div>\n<\/div>\n<\/div>\n<\/div>\n<\/div>\n<\/div>\n<p>[\/vc_column_text][uncode_list uncode_shortcode_id=&#8221;104581&#8243;]<\/p>\n<ul>\n<li class=\"whitespace-normal break-words pl-2\">Pot\u00eancia de 2750W para todos os perfis<\/li>\n<li class=\"whitespace-normal break-words pl-2\">At\u00e9 90 km de autonomia real por carga<\/li>\n<li class=\"whitespace-normal break-words pl-2\">Bateria remov\u00edvel \u2014 carrega onde quiseres<\/li>\n<li class=\"whitespace-normal break-words pl-2\">Trav\u00f5es hidr\u00e1ulicos dianteiro e traseiro<\/li>\n<li class=\"whitespace-normal break-words pl-2\">Chassis refor\u00e7ado para at\u00e9 120 kg<\/li>\n<li class=\"whitespace-normal break-words pl-2\">Acabamentos premium com est\u00e9tica urbana e moderna<\/li>\n<li class=\"whitespace-normal break-words pl-2\">Mobilidade 100% el\u00e9trica e sustent\u00e1vel<\/li>\n<\/ul>\n<p>[\/uncode_list][\/vc_column][\/vc_row]<\/p>\n<\/div>","protected":false},"excerpt":{"rendered":"<p>Crafted for the enthusiast who demands nothing less than extraordinary, this masterpiece of engineering represents the pinnacle of automotive excellence. With its striking silhouette and precision handling, it transforms every journey into an experience that transcends mere transportation, delivering performance that must be felt to be truly understood.<\/p>\n","protected":false},"author":1,"featured_media":173118,"parent":173065,"menu_order":0,"comment_status":"closed","ping_status":"closed","template":"","meta":{"footnotes":""},"class_list":["post-173106","page","type-page","status-publish","has-post-thumbnail","hentry","page_category-bicicletas"],"_links":{"self":[{"href":"https:\/\/eonix.pt\/index.php\/wp-json\/wp\/v2\/pages\/173106","targetHints":{"allow":["GET"]}}],"collection":[{"href":"https:\/\/eonix.pt\/index.php\/wp-json\/wp\/v2\/pages"}],"about":[{"href":"https:\/\/eonix.pt\/index.php\/wp-json\/wp\/v2\/types\/page"}],"author":[{"embeddable":true,"href":"https:\/\/eonix.pt\/index.php\/wp-json\/wp\/v2\/users\/1"}],"replies":[{"embeddable":true,"href":"https:\/\/eonix.pt\/index.php\/wp-json\/wp\/v2\/comments?post=173106"}],"version-history":[{"count":7,"href":"https:\/\/eonix.pt\/index.php\/wp-json\/wp\/v2\/pages\/173106\/revisions"}],"predecessor-version":[{"id":173147,"href":"https:\/\/eonix.pt\/index.php\/wp-json\/wp\/v2\/pages\/173106\/revisions\/173147"}],"up":[{"embeddable":true,"href":"https:\/\/eonix.pt\/index.php\/wp-json\/wp\/v2\/pages\/173065"}],"wp:featuredmedia":[{"embeddable":true,"href":"https:\/\/eonix.pt\/index.php\/wp-json\/wp\/v2\/media\/173118"}],"wp:attachment":[{"href":"https:\/\/eonix.pt\/index.php\/wp-json\/wp\/v2\/media?parent=173106"}],"curies":[{"name":"wp","href":"https:\/\/api.w.org\/{rel}","templated":true}]}}