{"id":172692,"date":"2026-02-16T03:09:58","date_gmt":"2026-02-16T03:09:58","guid":{"rendered":"http:\/\/localhost\/eonixfin\/?page_id=172692"},"modified":"2026-02-16T03:12:30","modified_gmt":"2026-02-16T03:12:30","slug":"today-sunshine-m2-7-5-kw-2024-2025","status":"publish","type":"page","link":"https:\/\/eonix.pt\/index.php\/mini-carros\/today-sunshine-m2-7-5-kw-2024-2025\/","title":{"rendered":"TODAY SUNSHINE M2 \u2013 7.5 kW (2024\/2025)"},"content":{"rendered":"<div class=\"wpb-content-wrapper\"><p>[vc_row][vc_column][vc_column_text uncode_shortcode_id=&#8221;759815&#8243;]<\/p>\n<div class=\"flex flex-col text-sm pb-25\">\n<article class=\"text-token-text-primary w-full focus:outline-none [--shadow-height:45px] has-data-writing-block:pointer-events-none has-data-writing-block:-mt-(--shadow-height) has-data-writing-block:pt-(--shadow-height) [&amp;:has([data-writing-block])&gt;*]:pointer-events-auto scroll-mt-[calc(var(--header-height)+min(200px,max(70px,20svh)))]\" dir=\"auto\" tabindex=\"-1\" data-turn-id=\"request-WEB:0a463826-c969-4b6c-aeba-e75057ca8d23-3\" data-testid=\"conversation-turn-8\" data-scroll-anchor=\"true\" data-turn=\"assistant\">\n<div class=\"text-base my-auto mx-auto pb-10 [--thread-content-margin:--spacing(4)] @w-sm\/main:[--thread-content-margin:--spacing(6)] @w-lg\/main:[--thread-content-margin:--spacing(16)] px-(--thread-content-margin)\">\n<div class=\"[--thread-content-max-width:40rem] @w-lg\/main:[--thread-content-max-width:48rem] mx-auto max-w-(--thread-content-max-width) flex-1 group\/turn-messages focus-visible:outline-hidden relative flex w-full min-w-0 flex-col agent-turn\" tabindex=\"-1\">\n<div class=\"flex max-w-full flex-col grow\">\n<div class=\"min-h-8 text-message relative flex w-full flex-col items-end gap-2 text-start break-words whitespace-normal [.text-message+&amp;]:mt-1\" dir=\"auto\" data-message-author-role=\"assistant\" data-message-id=\"c37c1a69-33ff-42e4-9663-50b1f956859e\" data-message-model-slug=\"gpt-5-2\">\n<div class=\"flex w-full flex-col gap-1 empty:hidden first:pt-[1px]\">\n<div class=\"markdown prose dark:prose-invert w-full wrap-break-word dark markdown-new-styling\">\n<div class=\"flex flex-col text-sm pb-25\">\n<article class=\"text-token-text-primary w-full focus:outline-none [--shadow-height:45px] has-data-writing-block:pointer-events-none has-data-writing-block:-mt-(--shadow-height) has-data-writing-block:pt-(--shadow-height) [&amp;:has([data-writing-block])&gt;*]:pointer-events-auto scroll-mt-[calc(var(--header-height)+min(200px,max(70px,20svh)))]\" dir=\"auto\" tabindex=\"-1\" data-turn-id=\"request-WEB:0a463826-c969-4b6c-aeba-e75057ca8d23-4\" data-testid=\"conversation-turn-10\" data-scroll-anchor=\"true\" data-turn=\"assistant\">\n<div class=\"text-base my-auto mx-auto pb-10 [--thread-content-margin:--spacing(4)] @w-sm\/main:[--thread-content-margin:--spacing(6)] @w-lg\/main:[--thread-content-margin:--spacing(16)] px-(--thread-content-margin)\">\n<div class=\"[--thread-content-max-width:40rem] @w-lg\/main:[--thread-content-max-width:48rem] mx-auto max-w-(--thread-content-max-width) flex-1 group\/turn-messages focus-visible:outline-hidden relative flex w-full min-w-0 flex-col agent-turn\" tabindex=\"-1\">\n<div class=\"flex max-w-full flex-col grow\">\n<div class=\"min-h-8 text-message relative flex w-full flex-col items-end gap-2 text-start break-words whitespace-normal [.text-message+&amp;]:mt-1\" dir=\"auto\" data-message-author-role=\"assistant\" data-message-id=\"a805fab3-ff4a-4f7a-854a-461f89eee355\" data-message-model-slug=\"gpt-5-2\">\n<div class=\"flex w-full flex-col gap-1 empty:hidden first:pt-[1px]\">\n<div class=\"markdown prose dark:prose-invert w-full wrap-break-word dark markdown-new-styling\">\n<p data-start=\"0\" data-end=\"334\">O TODAY SUNSHINE M2 \u2013 7.5 kW (2024\/2025) \u00e9 a vers\u00e3o mais potente da gama, ideal para quem procura um microcarro el\u00e9trico com mais desempenho e versatilidade. Equipado com motor el\u00e9trico de 7.5 kW e tra\u00e7\u00e3o traseira, atinge velocidade m\u00e1xima de 80 km\/h (categoria L7e), permitindo uma condu\u00e7\u00e3o \u00e1gil tanto em cidade como em vias r\u00e1pidas.<\/p>\n<p data-start=\"336\" data-end=\"592\">A bateria de 72V 150Ah (\u2248 10.8 kWh) oferece uma autonomia estimada entre 100 e 130 km, dependendo das condi\u00e7\u00f5es de utiliza\u00e7\u00e3o. O tempo de carregamento varia entre 6 a 8 horas, podendo ser feito numa tomada convencional, tornando-o pr\u00e1tico para o dia a dia.<\/p>\n<p data-start=\"594\" data-end=\"901\">Ao n\u00edvel de chassis, conta com suspens\u00e3o MacPherson, trav\u00f5es de disco nas quatro rodas e jantes de 13\u201d, garantindo estabilidade, conforto e seguran\u00e7a. No interior, destaca-se pelo painel digital moderno, sistema multim\u00e9dia Android, c\u00e2mara traseira, vidros el\u00e9tricos e ar condicionado (dependente da vers\u00e3o).<\/p>\n<p data-start=\"903\" data-end=\"1190\" data-is-last-node=\"\" data-is-only-node=\"\">Com dimens\u00f5es compactas (2,83 m \u00d7 1,50 m \u00d7 1,565 m) e dois lugares, \u00e9 f\u00e1cil de estacionar e manobrar. Homologado na categoria L7e, pode ser conduzido com carta B1 ou B. Pode circular em vias r\u00e1pidas, mas n\u00e3o \u00e9 permitido em autoestrada. Ideal para mobilidade urbana eficiente e econ\u00f3mica.<\/p>\n<\/div>\n<\/div>\n<\/div>\n<\/div>\n<\/div>\n<\/div>\n<\/article>\n<\/div>\n<\/div>\n<\/div>\n<\/div>\n<\/div>\n<\/div>\n<\/div>\n<\/article>\n<\/div>\n<p>[\/vc_column_text][\/vc_column][\/vc_row]<\/p>\n<\/div>","protected":false},"excerpt":{"rendered":"<p>Redefining the boundaries of automotive excellence, the Aquila Turbo combines breathtaking acceleration with poised agility. Its distinctive design language speaks of performance potential while maintaining the understated elegance that has become synonymous with Stellion&#8217;s revered heritage.<\/p>\n","protected":false},"author":1,"featured_media":172683,"parent":172676,"menu_order":0,"comment_status":"closed","ping_status":"closed","template":"","meta":{"footnotes":""},"class_list":["post-172692","page","type-page","status-publish","has-post-thumbnail","hentry","page_category-minicars"],"_links":{"self":[{"href":"https:\/\/eonix.pt\/index.php\/wp-json\/wp\/v2\/pages\/172692","targetHints":{"allow":["GET"]}}],"collection":[{"href":"https:\/\/eonix.pt\/index.php\/wp-json\/wp\/v2\/pages"}],"about":[{"href":"https:\/\/eonix.pt\/index.php\/wp-json\/wp\/v2\/types\/page"}],"author":[{"embeddable":true,"href":"https:\/\/eonix.pt\/index.php\/wp-json\/wp\/v2\/users\/1"}],"replies":[{"embeddable":true,"href":"https:\/\/eonix.pt\/index.php\/wp-json\/wp\/v2\/comments?post=172692"}],"version-history":[{"count":1,"href":"https:\/\/eonix.pt\/index.php\/wp-json\/wp\/v2\/pages\/172692\/revisions"}],"predecessor-version":[{"id":172693,"href":"https:\/\/eonix.pt\/index.php\/wp-json\/wp\/v2\/pages\/172692\/revisions\/172693"}],"up":[{"embeddable":true,"href":"https:\/\/eonix.pt\/index.php\/wp-json\/wp\/v2\/pages\/172676"}],"wp:featuredmedia":[{"embeddable":true,"href":"https:\/\/eonix.pt\/index.php\/wp-json\/wp\/v2\/media\/172683"}],"wp:attachment":[{"href":"https:\/\/eonix.pt\/index.php\/wp-json\/wp\/v2\/media?parent=172692"}],"curies":[{"name":"wp","href":"https:\/\/api.w.org\/{rel}","templated":true}]}}