{"id":172678,"date":"2026-02-16T03:07:46","date_gmt":"2026-02-16T03:07:46","guid":{"rendered":"http:\/\/localhost\/eonixfin\/?page_id=172678"},"modified":"2026-02-16T03:07:46","modified_gmt":"2026-02-16T03:07:46","slug":"today-sunshine-m1-4-5-kw-2024-2025","status":"publish","type":"page","link":"https:\/\/eonix.pt\/index.php\/mini-carros\/today-sunshine-m1-4-5-kw-2024-2025\/","title":{"rendered":"TODAY SUNSHINE M1 \u2013 4.5 kW (2024\/2025)"},"content":{"rendered":"<div class=\"wpb-content-wrapper\"><p>[vc_row][vc_column][vc_column_text uncode_shortcode_id=&#8221;365804&#8243;]<\/p>\n<div class=\"flex flex-col text-sm pb-25\">\n<article class=\"text-token-text-primary w-full focus:outline-none [--shadow-height:45px] has-data-writing-block:pointer-events-none has-data-writing-block:-mt-(--shadow-height) has-data-writing-block:pt-(--shadow-height) [&amp;:has([data-writing-block])&gt;*]:pointer-events-auto scroll-mt-[calc(var(--header-height)+min(200px,max(70px,20svh)))]\" dir=\"auto\" tabindex=\"-1\" data-turn-id=\"request-WEB:0a463826-c969-4b6c-aeba-e75057ca8d23-3\" data-testid=\"conversation-turn-8\" data-scroll-anchor=\"true\" data-turn=\"assistant\">\n<div class=\"text-base my-auto mx-auto pb-10 [--thread-content-margin:--spacing(4)] @w-sm\/main:[--thread-content-margin:--spacing(6)] @w-lg\/main:[--thread-content-margin:--spacing(16)] px-(--thread-content-margin)\">\n<div class=\"[--thread-content-max-width:40rem] @w-lg\/main:[--thread-content-max-width:48rem] mx-auto max-w-(--thread-content-max-width) flex-1 group\/turn-messages focus-visible:outline-hidden relative flex w-full min-w-0 flex-col agent-turn\" tabindex=\"-1\">\n<div class=\"flex max-w-full flex-col grow\">\n<div class=\"min-h-8 text-message relative flex w-full flex-col items-end gap-2 text-start break-words whitespace-normal [.text-message+&amp;]:mt-1\" dir=\"auto\" data-message-author-role=\"assistant\" data-message-id=\"c37c1a69-33ff-42e4-9663-50b1f956859e\" data-message-model-slug=\"gpt-5-2\">\n<div class=\"flex w-full flex-col gap-1 empty:hidden first:pt-[1px]\">\n<div class=\"markdown prose dark:prose-invert w-full wrap-break-word dark markdown-new-styling\">\n<p data-start=\"0\" data-end=\"313\">Compacto, moderno e econ\u00f3mico, este ve\u00edculo el\u00e9trico com interior atualizado do novo M5 \u00e9 a solu\u00e7\u00e3o ideal para mobilidade urbana. Equipado com motor el\u00e9trico de 4.5 kW e tra\u00e7\u00e3o traseira, atinge velocidade m\u00e1xima de 50 km\/h (categoria L6e), oferecendo condu\u00e7\u00e3o suave, silenciosa e eficiente \u2014 perfeita para cidade.<\/p>\n<p data-start=\"315\" data-end=\"527\">A bateria de 72V 120Ah (\u2248 8.6 kWh) garante autonomia entre 80 e 120 km, dependendo do estilo de condu\u00e7\u00e3o. O tempo de carregamento varia entre 6 a 10 horas, podendo ser facilmente carregado em tomada convencional.<\/p>\n<p data-start=\"529\" data-end=\"812\">No interior, destaca-se pelo conforto e tecnologia: ecr\u00e3 multim\u00e9dia Android, c\u00e2mara de marcha-atr\u00e1s, sensores de estacionamento, ar condicionado, vidros el\u00e9tricos e fecho central. Um habit\u00e1culo moderno pensado para duas pessoas, com excelente visibilidade e praticidade no dia a dia.<\/p>\n<p data-start=\"814\" data-end=\"1044\">Conta com suspens\u00e3o MacPherson, trav\u00f5es de disco e jantes de 13\u201d com pneus 155\/65 R13, garantindo estabilidade e seguran\u00e7a. As dimens\u00f5es compactas (2,86 m \u00d7 1,50 m \u00d7 1,565 m) facilitam estacionamento e circula\u00e7\u00e3o em zonas urbanas.<\/p>\n<p data-start=\"1046\" data-end=\"1234\" data-is-last-node=\"\" data-is-only-node=\"\">Homologado na categoria L6e, pode ser conduzido com carta AM, B1 ou B. N\u00e3o \u00e9 permitido circular em autoestrada. Ideal para quem procura economia, sustentabilidade e mobilidade inteligente.<\/p>\n<\/div>\n<\/div>\n<\/div>\n<\/div>\n<\/div>\n<\/div>\n<\/article>\n<\/div>\n<p>[\/vc_column_text][\/vc_column][\/vc_row]<\/p>\n<\/div>","protected":false},"excerpt":{"rendered":"<p>Redefining the boundaries of automotive excellence, the Aquila Turbo combines breathtaking acceleration with poised agility. Its distinctive design language speaks of performance potential while maintaining the understated elegance that has become synonymous with Stellion&#8217;s revered heritage.<\/p>\n","protected":false},"author":1,"featured_media":172683,"parent":172676,"menu_order":0,"comment_status":"closed","ping_status":"closed","template":"","meta":{"footnotes":""},"class_list":["post-172678","page","type-page","status-publish","has-post-thumbnail","hentry","page_category-minicars"],"_links":{"self":[{"href":"https:\/\/eonix.pt\/index.php\/wp-json\/wp\/v2\/pages\/172678","targetHints":{"allow":["GET"]}}],"collection":[{"href":"https:\/\/eonix.pt\/index.php\/wp-json\/wp\/v2\/pages"}],"about":[{"href":"https:\/\/eonix.pt\/index.php\/wp-json\/wp\/v2\/types\/page"}],"author":[{"embeddable":true,"href":"https:\/\/eonix.pt\/index.php\/wp-json\/wp\/v2\/users\/1"}],"replies":[{"embeddable":true,"href":"https:\/\/eonix.pt\/index.php\/wp-json\/wp\/v2\/comments?post=172678"}],"version-history":[{"count":1,"href":"https:\/\/eonix.pt\/index.php\/wp-json\/wp\/v2\/pages\/172678\/revisions"}],"predecessor-version":[{"id":172691,"href":"https:\/\/eonix.pt\/index.php\/wp-json\/wp\/v2\/pages\/172678\/revisions\/172691"}],"up":[{"embeddable":true,"href":"https:\/\/eonix.pt\/index.php\/wp-json\/wp\/v2\/pages\/172676"}],"wp:featuredmedia":[{"embeddable":true,"href":"https:\/\/eonix.pt\/index.php\/wp-json\/wp\/v2\/media\/172683"}],"wp:attachment":[{"href":"https:\/\/eonix.pt\/index.php\/wp-json\/wp\/v2\/media?parent=172678"}],"curies":[{"name":"wp","href":"https:\/\/api.w.org\/{rel}","templated":true}]}}