{"id":157483,"date":"2025-05-06T11:26:21","date_gmt":"2025-05-06T09:26:21","guid":{"rendered":"https:\/\/undsgn.com\/uncode\/?page_id=157483"},"modified":"2026-03-08T16:23:13","modified_gmt":"2026-03-08T16:23:13","slug":"mini-giratoria-1-8-toneladas","status":"publish","type":"page","link":"https:\/\/eonix.pt\/index.php\/escavadoras\/mini-giratoria-1-8-toneladas\/","title":{"rendered":"Mini Girat\u00f3ria 1.8 Toneladas Cabinada"},"content":{"rendered":"<div class=\"wpb-content-wrapper\"><p>[vc_row][vc_column][vc_column_text uncode_shortcode_id=&#8221;603033&#8243;]<\/p>\n<div class=\"flex flex-col text-sm pb-25\">\n<article class=\"text-token-text-primary w-full focus:outline-none [--shadow-height:45px] has-data-writing-block:pointer-events-none has-data-writing-block:-mt-(--shadow-height) has-data-writing-block:pt-(--shadow-height) [&amp;:has([data-writing-block])&gt;*]:pointer-events-auto [content-visibility:auto] supports-[content-visibility:auto]:[contain-intrinsic-size:auto_100lvh] scroll-mt-[calc(var(--header-height)+min(200px,max(70px,20svh)))]\" dir=\"auto\" tabindex=\"-1\" data-turn-id=\"request-WEB:0a463826-c969-4b6c-aeba-e75057ca8d23-0\" data-testid=\"conversation-turn-2\" data-scroll-anchor=\"true\" data-turn=\"assistant\">\n<div class=\"text-base my-auto mx-auto pb-10 [--thread-content-margin:--spacing(4)] @w-sm\/main:[--thread-content-margin:--spacing(6)] @w-lg\/main:[--thread-content-margin:--spacing(16)] px-(--thread-content-margin)\">\n<div class=\"[--thread-content-max-width:40rem] @w-lg\/main:[--thread-content-max-width:48rem] mx-auto max-w-(--thread-content-max-width) flex-1 group\/turn-messages focus-visible:outline-hidden relative flex w-full min-w-0 flex-col agent-turn\" tabindex=\"-1\">\n<div class=\"flex max-w-full flex-col grow\">\n<div class=\"min-h-8 text-message relative flex w-full flex-col items-end gap-2 text-start break-words whitespace-normal [.text-message+&amp;]:mt-1\" dir=\"auto\" data-message-author-role=\"assistant\" data-message-id=\"0c90ec27-34bd-4656-adcc-2d446962ba75\" data-message-model-slug=\"gpt-5-2\">\n<div class=\"flex w-full flex-col gap-1 empty:hidden first:pt-[1px]\">\n<div class=\"markdown prose dark:prose-invert w-full wrap-break-word dark markdown-new-styling\">\n<p data-start=\"0\" data-end=\"358\">A Mini Girat\u00f3ria 1.8 Toneladas LTE18A \u00e9 a solu\u00e7\u00e3o ideal para trabalhos em espa\u00e7os reduzidos, combinando pot\u00eancia, precis\u00e3o e versatilidade. Com peso operacional entre 1.750 e 1.800 kg, est\u00e1 equipada com motor Kubota D722 (Euro 5), 3 cilindros, arrefecido a \u00e1gua, que entrega aproximadamente 11 kW de pot\u00eancia, garantindo desempenho eficiente e baixo consumo.<\/p>\n<p data-start=\"360\" data-end=\"772\">O sistema totalmente hidr\u00e1ulico, aliado aos comandos por joystick, proporciona movimentos suaves e controlo preciso em qualquer opera\u00e7\u00e3o. A rota\u00e7\u00e3o da torre a 360\u00b0 e a fun\u00e7\u00e3o side swing facilitam trabalhos junto a paredes e em \u00e1reas confinadas. As lagartas telesc\u00f3picas aumentam a estabilidade e permitem melhor adapta\u00e7\u00e3o ao terreno, enquanto o radiador de \u00f3leo hidr\u00e1ulico assegura maior durabilidade do sistema.<\/p>\n<p data-start=\"774\" data-end=\"1130\" data-is-last-node=\"\" data-is-only-node=\"\">De s\u00e9rie, inclui engate r\u00e1pido manual e balde standard de 200 mm. Como opcionais, est\u00e3o dispon\u00edveis martelo hidr\u00e1ulico e balde largo de 800 mm, ampliando a sua versatilidade para diferentes aplica\u00e7\u00f5es. Dispon\u00edvel em vers\u00e3o de cabine aberta ou cabine fechada com ventila\u00e7\u00e3o, a LTE18A destaca-se pela robustez, efici\u00eancia e excelente rela\u00e7\u00e3o qualidade-pre\u00e7o.<\/p>\n<\/div>\n<\/div>\n<\/div>\n<\/div>\n<\/div>\n<\/div>\n<\/article>\n<\/div>\n<p>[\/vc_column_text][\/vc_column][\/vc_row]<\/p>\n<\/div>","protected":false},"excerpt":{"rendered":"<p>Crafted for the enthusiast who demands nothing less than extraordinary, this masterpiece of engineering represents the pinnacle of automotive excellence. With its striking silhouette and precision handling, it transforms every journey into an experience that transcends mere transportation, delivering performance that must be felt to be truly understood.<\/p>\n","protected":false},"author":1,"featured_media":172659,"parent":156037,"menu_order":0,"comment_status":"closed","ping_status":"closed","template":"","meta":{"footnotes":""},"class_list":["post-157483","page","type-page","status-publish","has-post-thumbnail","hentry","page_category-escavadoras"],"_links":{"self":[{"href":"https:\/\/eonix.pt\/index.php\/wp-json\/wp\/v2\/pages\/157483","targetHints":{"allow":["GET"]}}],"collection":[{"href":"https:\/\/eonix.pt\/index.php\/wp-json\/wp\/v2\/pages"}],"about":[{"href":"https:\/\/eonix.pt\/index.php\/wp-json\/wp\/v2\/types\/page"}],"author":[{"embeddable":true,"href":"https:\/\/eonix.pt\/index.php\/wp-json\/wp\/v2\/users\/1"}],"replies":[{"embeddable":true,"href":"https:\/\/eonix.pt\/index.php\/wp-json\/wp\/v2\/comments?post=157483"}],"version-history":[{"count":4,"href":"https:\/\/eonix.pt\/index.php\/wp-json\/wp\/v2\/pages\/157483\/revisions"}],"predecessor-version":[{"id":172745,"href":"https:\/\/eonix.pt\/index.php\/wp-json\/wp\/v2\/pages\/157483\/revisions\/172745"}],"up":[{"embeddable":true,"href":"https:\/\/eonix.pt\/index.php\/wp-json\/wp\/v2\/pages\/156037"}],"wp:featuredmedia":[{"embeddable":true,"href":"https:\/\/eonix.pt\/index.php\/wp-json\/wp\/v2\/media\/172659"}],"wp:attachment":[{"href":"https:\/\/eonix.pt\/index.php\/wp-json\/wp\/v2\/media?parent=157483"}],"curies":[{"name":"wp","href":"https:\/\/api.w.org\/{rel}","templated":true}]}}